lculate -10 - -4 - (-1 - (6 + (-20 - -7))).
-12
What is -4 - (-10 + -14 + 5)?
15
Calculate -33 + (1 + -17 - -40).
-9
Evaluate 10 - 9 - -8 - 13.
-4
Calculate -1 + (-6 - -1) - ((14 - 20) + 7).
-7
What is the value of 0 - -1 - (9 - (-19 - -3))?
-24
What is 5 + (-25 - -47) - 2?
25
14 + (8 - 15) - 12
-5
Calculate 154 - 149 - (-25 + 0 - (1 - 2)).
29
15 - (-9 - (-12 - 5))
7
Calculate -9 - -14 - 9 - 5.
-9
9 + 20 + -10 + 3
22
What is 23 - 4 - (-12 - (-9 + -5))?
17
What is the value of -6 - -2 - -9 - 15 - (6 - 3)?
-13
Evaluate -37 + 30 - (-3 + -11).
7
(15 + -4 - 8) + (5 - (-2 - -13))
-3
(-20 + 14 - -2) + 3
-1
Calculate -22 + (38 - 14) + -41.
-39
Evaluate (-10 - (-8 - 21)) + -25.
-6
-20 + (27 - 11) + 0
-4
Evaluate (11 - ((2 - -3) + 18)) + 25.
13
Calculate -10 + 0 - -4 - (2 + -14).
6
Evaluate (-13 - -7 - (-4 + 0 + 0)) + 29.
27
Calculate -24 + 12 + -7 + 32.
13
Evaluate (0 - (7 + -6 - -8)) + 1.
-8
Evaluate (-9 + 45 - 25) + 11.
22
9 - (-5 + 10 + -4) - (-2 - 4)
14
-1 - -4 - -1 - -7
11
Evaluate (-8 - 2 - 0) + 121 + -104.
7
Calculate (0 - 4) + 373 + -353 + 3.
19
Calculate -8 + 10 + -9 + (6 - 3 - -15).
11
Evaluate 1 + 7 + (29 - (39 + -1)).
-1
What is the value of (-15 - (1 + -6)) + (14 - 7) + 2?
-1
Evaluate -5 + -2 + (-1 - 0) + 3 + -5.
-10
Evaluate (-20 - 2) + 3 - (-12 + 3).
-10
What is 2 + (1 - 7) + 11?
7
(8 - 16) + 11 - (-3 - -8)
-2
Calculate (12 - (20 - 2)) + -1 + 2 + 17.
12
What is the value of 4 + -10 + -5 + 35?
24
Evaluate -1 + 1 + (3 + -4 - (0 - -2)).
-3
4 + (17 + -4 - 14 - 10)
-7
Calculate (14 - (10 + 25)) + -2.
-23
What is -3 + 8 + (-30 - -21 - (4 + -3))?
-5
Evaluate (21 - 12) + (0 + -1 - -1).
9
Evaluate -14 + (41 - 35 - (0 + 7)).
-15
-476 + 476 - ((2 - 4) + -9)
11
What is ((0 - -5) + -3 - 7) + (-44 - -39)?
-10
What is the value of -3 + 13 - (10 + (16 - 12))?
-4
(-1 - 1) + (5 - (1 + 6) - -5)
1
Calculate -16 - (-22 - 3) - 29.
-20
What is -4 + -3 + 2 + -1 + (-11 - -23)?
6
Calculate -14 + -20 + 7 - -14.
-13
Calculate (18 - 7) + -9 + 0 + 2.
4
(-133 - -148) + (-19 - -1) - -7
4
Evaluate -20 - ((2 - (7 - -3)) + 12 + -6).
-18
What is the value of -4 - (-4 - -7 - -10 - 10)?
-7
-14 + -14 + (96 - 94)
-26
Evaluate 9 + -7 - (11 - -12).
-21
What is the value of (-10 - -1 - (-30 - -33)) + 1?
-11
Calculate 3 + -5 + 7 + (-4 - -3 - 0).
4
What is -59 + 64 - (-1 + 2 + -2) - 30?
-24
-1 + 15 + 1 - (-4024 + 4032)
7
What is the value of 13 - ((-3 - -4) + 19)?
-7
(-1 - 0) + -8 + (9 + 2 - 7)
-5
What is -1 - -35 - (-1435 + 1448)?
21
Evaluate (-1 - (-1 + 1)) + 1.
0
What is (-5 - (6 - 12 - -3)) + (-5 - -18)?
11
What is 17 - (1 + 6 - (60 + -56))?
14
Calculate -11 - (-3 + -4 - (13 + -31)).
-22
What is 80 + -36 + -38 - (2 - 0)?
4
Evaluate 3 + -6 - (-4 - -7 - (2 + 0)).
-4
What is the value of 11 - (9 - 27 - -50)?
-21
Calculate 2 + (-18 - -11) - 6.
-11
Evaluate (-11 - 10) + 13 - -8.
0
What is 57 - 82 - -14 - (15 + -1)?
-25
-17 + -6 + 40 + -14
3
What is the value of -8 - (7 - (1 + -3 + 5))?
-12
(-1 - ((16 - 5) + -27)) + -22
-7
Calculate 5 + -16 + 3 + 13.
5
Evaluate -30 - (7 - 29 - 4).
-4
What is the value of -7 - (9 + 1 + -4 + -17)?
4
What is -4 - (3 - -11) - -23?
5
Evaluate 6 - ((-15 + 25 - -6) + 1 + -5).
-6
Evaluate (-4 + (-5 - -2) + 0 - -3) + 13.
9
10 + (-4 - (2 - 9))
13
Evaluate 1 - 1 - 14 - (-817 + 823).
-20
What is the value of 17 + -65 + -10 + 56?
-2
Evaluate 7 - -1 - (-19 - -26).
1
Calculate -15 + 1 + (11 - 9).
-12
Calculate -25 + (-20 - -65 - -8).
28
1 + 4 + -8 + -25 + -4
-32
What is the value of 22 + 4 + 11 + -22?
15
-7 + (12 - 10 - 1)
-6
What is (3 - 33) + 162 + -143?
-11
What is -116 + 116 + (2 + -4 - -16) + -3?
11
What is (6 + 3 - 27) + -1 + 6?
-13
What is -9 + (40 - (4 - -13))?
14
Evaluate 6 - (-14 + 6) - 21 - (18 + 0).
-25
What is the value of -3 + (-6 - (0 - 9))?
0
4 - 1 - (-5 + (-9 - -3 - -13))
1
What is -9 + 6 + -13 + 27?
11
Evaluate -12 - ((-3 - -8) + 3 + -4).
-16
-31 - (21 + -71 - 3)
22
What is -5 + 23 + -3 + (-10 - (6 + -15))?
14
63 + -87 - (1 - 2)
-23
Calculate 10 + (7 - (18 + 1) - 2).
-4
(1 - 2 - (12 + -4)) + -2
-11
Evaluate 1 + 11 + 17 + 0 + -15 + -2.
12
-19 + -1 + 26 + (-18 - -1) - -2
-9
What is the value of 24 + (4 - -1 - 14)?
15
Calculate -41 + 25 + (6 - -1).
-9
What is the value of (0 - -6 - 5 - 12) + -4 + -8?
-23
Calculate -39 + (30 - (-13 + 28)).
-24
Calculate (-14 - (7 - 8)) + (-1 - 3).
-17
What is the value of (4 - 10) + -9 + 6 + -1 + -3?
-13
What is 5 + -1 + -4 + 5 + -2 + 8?
11
What is 7 + 22 + -6 + (2 - 11)?
14
7 + (-22 - (5 - 5)) + 1
-14
Evaluate -5 - -2 - (-33 + 25).
5
Evaluate -11 + (-6 - (1 + -13)) + -13 + 12.
-6
What is (5 - (-5 - 0 - -1 - -6)) + -3?
0
What is the value of (1 - -1) + 13 + (-10 - -6)?
11
What is -11 + (-1 - -2 - 3 - (2 + -4))?
-11
Calculate (-5 - (10 - 10)) + (2 - 3 - 0).
-6
Evaluate -7 + -1 - (280 + -287).
-1
(-4 - -1) + (-5 - -6 - -7) + -6
-1
What is 1743 + -1766 - (-51 - 0)?
28
Evaluate -4 + -1 + -3 + 7 + -30 + 29.
-2
What is the value of 0 - 19 - (-6 - (9 + -14 + 5))?
-13
Calculate -2 + -9 - -2 - (99 - 121).
13
Calculate 8 - 2 - (6 - (-3 + 3 + 2)).
2
Calculate -9 - (-35 - -5) - (3 - -2).
16
26 + (12 + -3 - (1 - (4 + -20)))
18
-12 + 0 - (3 - 3) - (1159 - 1160)
-11
Evaluate (-14 - -36) + -32 - 22.
-32
0 + -38 + (-23 - -44)
-17
What is 6 - 26 - (0 + -14)?
-6
Evaluate 2 + (18 + 5 - 8) + -6.
11
Evaluate 3 - 1 - ((2 - 5 - -9) + -1).
-3
Calculate -47 + 14 + (12 - -2 - 1).
-20
Calculate 10 + (0 - ((-3 - 4) + 7)).
10
Calculate 688 + -648 + (1 - 65).
-24
What is the value of 1 + 2 - (-22 + 5) - (-109 + 117)?
12
8 - ((-14 - -9) + -4 + 0 + 2)
15
What is 3 + (13 - (29 - 4)) + -13?
-22
Evaluate (9 - 11) + 9 - 7 - (-6 + -19).
25
Evaluate 9 + 11 - (-1 - -8) - (-5 - -2).
16
2 - (13 + -2 + (-23 - 2))
16
-6 - (7 - (-16 + 18 + -5))
-16
Calculate 17 + (19 - 29 - -14).
21
What is (6 - 3) + 0 - 1?
2
Calculate -1 + (-18 - -12) + -3 + 8 + 3.
1
Evaluate -3 - 2 - (296 - 313).
12
What is the value of (-17 - -61) + -2 + -27?
15
Calculate -12 + (-6 - -12 - (8 - -6)).
-20
Evaluate -18 - ((0 - 4) + (-1 - -5) + -5).
-13
Calculate -1 + -10 + 9 + 1.
-1
-17 - ((32 - 65) + 18)
-2
What is the value of 14 + -60 + (13 - -5)?
-28
What is the value of -3 - (-4 + (0 - (6 - 3)) + 0)?
4
What is the value of 1 + 15 + (-84 - (12 + -87))?
7
18 - 1 - (-157 + 145) - 2
27
Calculate -37 + 1 + (-3 + 9 - (10 - 14)).
-26
(-7 - 10) + 11 + 0
-6
Evaluate 0 - 9 - (89 + -7 - 105).
14
Calculate -12 - (-18 + 15 + -11).
2
What is -14 - (-15 + 9) - -21 - 29?
-16
What is 16 - 14 - (-5 + 2 + (2 - 3))?
6
Calculate 7 - (36 - (6 - -13)).
-10
What is the value of -2 + (5 + -5 + -1 - 2)?
-5
What is -13 + -22 + -3 + 10?
-28
Calculate (46 - 13) + -4 + -15 + -1 + 4.
17
What is the value of -4 + -17 + 20 + (-3 - -1)?
-3
What is (0 - -19) + (519 - 532)?
6
What is the value of (-6 - 1 - (-37 - (13 - 55))) + 9?
-3
Calculate (-1 - -21) + 3 + -15 + 5.
13
What is the value of (40 - (41 - 8)) + -1 + 15?
21
Evaluate (8 - 1) + ((-3 - -5) + -10 - -5).
4
Evaluate 0 - -15 - (-544 - -551).
8
Evaluate -16 + (6 - (-10 - (1 + -7))).
-6
8 + -11 + -15 + 5 + 34
21
What is the value of (-134 - -108) + (13 - 1)?
-14
Calculate 26 + (2 + -4 - (3 + 8)).
13
What is -1 - -4 - (11 - 17 - (-14 + 3))?
-2
Evaluate -4 - (12 + -19 + 2).
1
What is the value of 126 - 109 - (2 + 4) - 26?
-15
What is the value of 2 + 5 + (-8 - (3 - 4))?
0
Calculate 7 + 3 + 4 + (-98 - -85).
1
Evaluate 2 - (20 + (-2 - 4) + 3).
-15
16 - ((29 - 18) + (-1 - 3))
9
(4 - 11) + -5 + (6 - (-22 + 8))
8
-8 + (1 - ((-12 - -13) + -2 + 0))
-6
Calculate 2 + (-25 - (8 - 12)).
-19
Calculate (-13 + 12 - 30) + 12.
-19
Calculate 9 + 4 + -1 - (2 + 7).
3
-5 - (6 + (7 - -1))
-19
Evaluate 3 - (-6 - (-17 + 7)).
-1
What is the value of (11 + -9 - -3 - 2) + 17?
20
What is the value of 32 + -40 + (1 - 6) - -16?
3
Calculate 12 - (-16 + 12 + (7 - 0)) - -6.
15
-15 - (-8 - (-36 - -27))
-16
What is the value of (13 - 5) + 15 + 0?
23
Calculate -3 - (-10 + (2 - -19)).
-14
-6 + (5 - 20) + 5
-16
What is the value of (-180 - -199) + 1 + 1 + -11?
10
Evaluate 10 - (-3 - -9 - 4) - -2.
10
1 + 1 - (13 + -12 + -14)
15
-55 + 48 + 21 + -4
10
What is 0 + -10 + 4 + 2 - 4?
-8
Calculate 0 - (-10 + 0) - 6 - (-2 - 0).
6
Calculate 13 + 0 + -1 + -5.
7
What is the value of (-1 + (37 - 32) - (-18 - 0)) + -9?
13
-8 + 17 + -3 - (4 + -13)
15
Calculate -18 - (-3 + -12) - (0 + 6).
-9
(-9 - 2) + 8 - (-12 - (-4 +